is the tens digit of 208?
0
What is the hundreds digit of 559?
5
What is the thousands digit of 4192?
4
What is the thousands digit of 7169?
7
What is the tens digit of 5006?
0
What is the hundreds digit of 148?
1
What is the hundreds digit of 994?
9
What is the thousands digit of 19828?
9
What is the ten thousands digit of 80105?
8
What is the hundreds digit of 148?
1
What is the units digit of 7572?
2
What is the ten thousands digit of 64130?
6
What is the thousands digit of 1225?
1
What is the thousands digit of 12803?
2
What is the hundreds digit of 288?
2
What is the units digit of 3031?
1
What is the ten thousands digit of 55861?
5
What is the thousands digit of 32467?
2
What is the hundreds digit of 3752?
7
What is the thousands digit of 3029?
3
What is the thousands digit of 5218?
5
What is the hundreds digit of 1701?
7
What is the thousands digit of 11569?
1
What is the tens digit of 69929?
2
What is the thousands digit of 167508?
7
What is the tens digit of 10083?
8
What is the units digit of 109616?
6
What is the thousands digit of 2505?
2
What is the units digit of 11094?
4
What is the hundreds digit of 957?
9
What is the ten thousands digit of 10336?
1
What is the units digit of 246?
6
What is the tens digit of 45308?
0
What is the ten thousands digit of 17334?
1
What is the thousands digit of 74271?
4
What is the hundreds digit of 318?
3
What is the units digit of 22012?
2
What is the tens digit of 17642?
4
What is the hundreds digit of 18789?
7
What is the tens digit of 709?
0
What is the thousands digit of 2040?
2
What is the units digit of 1001?
1
What is the units digit of 370?
0
What is the tens digit of 10868?
6
What is the hundreds digit of 7857?
8
What is the tens digit of 265?
6
What is the tens digit of 9374?
7
What is the tens digit of 80742?
4
What is the thousands digit of 51327?
1
What is the units digit of 38883?
3
What is the thousands digit of 1274?
1
What is the hundreds digit of 13539?
5
What is the hundreds digit of 2041?
0
What is the units digit of 489?
9
What is the units digit of 1?
1
What is the tens digit of 280?
8
What is the units digit of 549?
9
What is the units digit of 2651?
1
What is the thousands digit of 1245?
1
What is the hundreds digit of 133858?
8
What is the thousands digit of 22944?
2
What is the hundreds digit of 9045?
0
What is the thousands digit of 2531?
2
What is the hundreds digit of 928?
9
What is the hundreds digit of 31526?
5
What is the tens digit of 605?
0
What is the thousands digit of 17238?
7
What is the units digit of 6608?
8
What is the units digit of 3394?
4
What is the hundreds digit of 1120?
1
What is the units digit of 47884?
4
What is the units digit of 1395?
5
What is the tens digit of 49659?
5
What is the tens digit of 2734?
3
What is the thousands digit of 7348?
7
What is the hundreds digit of 501?
5
What is the tens digit of 1646?
4
What is the tens digit of 11370?
7
What is the units digit of 802?
2
What is the tens digit of 200?
0
What is the thousands digit of 16200?
6
What is the units digit of 2949?
9
What is the tens digit of 841?
4
What is the tens digit of 347?
4
What is the thousands digit of 2888?
2
What is the tens digit of 1281?
8
What is the hundreds digit of 2927?
9
What is the thousands digit of 18756?
8
What is the ten thousands digit of 109937?
0
What is the hundred thousands digit of 116691?
1
What is the tens digit of 1984?
8
What is the tens digit of 1445?
4
What is the hundreds digit of 32885?
8
What is the units digit of 24982?
2
What is the thousands digit of 145788?
5
What is the tens digit of 132?
3
What is the thousands digit of 7019?
7
What is the units digit of 25880?
0
What is the hundreds digit of 68923?
9
What is the units digit of 942?
2
What is the tens digit of 1438?
3
What is the units digit of 6835?
5
What is the units digit of 1816?
6
What is the tens digit of 2329?
2
What is the thousands digit of 147930?
7
What is the hundreds digit of 10230?
2
What is the tens digit of 941?
4
What is the hundreds digit of 9319?
3
What is the units digit of 15300?
0
What is the units digit of 1164?
4
What is the thousands digit of 102518?
2
What is the hundreds digit of 21020?
0
What is the hundreds digit of 379?
3
What is the tens digit of 2676?
7
What is the units digit of 12558?
8
What is the units digit of 264?
4
What is the units digit of 746?
6
What is the hundreds digit of 11931?
9
What is the thousands digit of 4667?
4
What is the units digit of 1195?
5
What is the thousands digit of 89573?
9
What is the hundreds digit of 49832?
8
What is the units digit of 821?
1
What is the thousands digit of 18134?
8
What is the hundreds digit of 4118?
1
What is the tens digit of 488?
8
What is the hundreds digit of 12023?
0
What is the ten thousands digit of 37338?
3
What is the units digit of 5447?
7
What is the ten thousands digit of 78968?
7
What is the units digit of 3770?
0
What is the thousands digit of 129724?
9
What is the thousands digit of 14324?
4
What is the units digit of 16068?
8
What is the units digit of 428?
8
What is the units digit of 6161?
1
What is the units digit of 994?
4
What is the units digit of 58018?
8
What is the ten thousands digit of 48327?
4
What is the tens digit of 18656?
5
What is the hundreds digit of 826?
8
What is the units digit of 2886?
6
What is the thousands digit of 11118?
1
What is the units digit of 984?
4
What is the hundreds digit of 12186?
1
What is the hundreds digit of 10780?
7
What is the tens digit of 8553?
5
What is the tens digit of 2873?
7
What is the units digit of 2011?
1
What is the thousands digit of 6662?
6
What is the hundreds digit of 3895?
8
What is the thousands digit of 2209?
2
What is the units digit of 1970?
0
What is the hundreds digit of 271?
2
What is the thousands digit of 4367?
4
What is the thousands digit of 2066?
2
What is the hundreds digit of 153?
1
What is the units digit of 532?
2
What is the hundreds digit of 174613?
6
What is the ten thousands digit of 26265?
2
What is the hundreds digit of 592?
5
What is the hundreds digit of 4183?
1
What is the hundreds digit of 542?
5
What is the tens digit of 4681?
8
What is the thousands digit of 16952?
6
What is the units digit of 344?
4
What is the units digit of 1713?
3
What is the tens digit of 8768?
6
What is the tens digit of 22338?
3
What is the hundreds digit of 989?
9
What is the tens digit of 753?
5
What is the tens digit of 64144?
4
What is the hundreds digit of 7510?
5
What is the hundreds digit of 17353?
3
What is the thousands digit of 3241?
3
What is the hundreds digit of 58171?
1
What is the thousands digit of 2570?
2
What is the thousands digit of 141038?
1
What is the tens digit of 117939?
3
What is the tens digit of 76?
7
What is the ten thousands digit of 18555?
1
What is the hundreds digit of 6492?
4
What is the tens digit of 213?
1
What is the tens digit of 31179?
7
What is the tens digit of 116914?
1
What is the ten thousands digit of 28540?
2
What is the hundred thousands digit of 144082?
1
What is the tens digit of 880?
8
What is the ten thousands digit of 50600?
5
What is the tens digit of 149429?
2
What is the units digit of 179?
9
What is the tens digit of 3670?
7
What is the hundreds digit of 555?
5
What is the thousands digit of 12482?
2
What is the tens digit of 774?
7
What is the units digit of 178?
8
What is the hundreds digit of 3902?
9
What is the hundreds digit of 5261?
2
What is the units digit of 29?
9
What is the hundreds digit of 35927?
9
What is the units digit of 9746?
6
What is the hundreds digit of 1712?
7
What is the ten thousands digit of 22434?
2
What is the units digit of 3146?
6
What is the thousands digit of 1980?
1
What is the hundreds digit of 159?
1
What is the units digit of 25650?
0
What is the thousands digit of 7009?
7
What is the tens digit of 918?
1
What is the tens digit of 36500?
0
What is the thousands digit of 47889?
7
What is the thousands digit of 1687?
1
What is the hundreds digit of 64706?
7
What is the tens digit of 2351?
5
What is the units digit of 3231?
1
What is the ten thousands digit of 11110?
1
What is the units digit of 17371?
1
What is the units digit of 716?
6
What is the units digit of 39115?
5
What is the units digit of 17233?
3
What is the thousa